1 - ((-2696 - -2717) + -6 + -1)?
-115
What is -1 + (24 + (15 - 27) - (1 - -23)) - -138?
125
What is (11 - 0) + 3 + 37 + -9?
42
What is the value of -16 + 48 + (-5 - 6 - -6) + 11 - -5?
43
Evaluate -7 + 23 + -26 + 57.
47
What is (-1 + -1 - -1) + (-193 + -177 - -388)?
17
7 + -2 - -2 - (15 - (14 + -1 + 2))
7
What is 23 + (16 - ((7 - 4) + 9)) + 9?
36
Evaluate -53 - (70 - (6 + 145)).
28
Calculate 48 + -37 - (8 - 22) - (-13 - 0).
38
(-36 - (-24 - (1 - -13))) + (2 - 3) + 11
12
What is (-1904 - -1761) + (3 - -27)?
-113
What is (18 - ((36 - 13) + -23)) + -77?
-59
What is (157 - 86) + 41 + -125?
-13
Evaluate 1 + (-1 - -3) + 12 + -29 + 13 + -20.
-21
-2 - (-17 - -6 - (1 - 20) - 6 - 5)
1
Calculate -320 + 308 + -7 + 0 + 64.
45
-8 - ((2 - -100) + (21 + -33 - -27))
-125
What is the value of 92 + (11 - -47 - 113)?
37
Calculate 126 + (-93 - -5) - 1.
37
What is -27 - (6 - (5 + -1 + 0)) - (85 + -77)?
-37
What is the value of -1 + -16 - (24 + -12 - -7 - 3)?
-33
What is (75 - 2) + (2996 - 2977)?
92
(95 - (25 + 16)) + -36
18
Evaluate (23 - (-5 - -1)) + 8 + -25 + 5 + 9.
24
Evaluate 65 + (28 - 75) - (77 - 3).
-56
Evaluate (-30 - -42) + 70 + -75.
7
What is -8234 + 8157 + 2 + 141?
66
What is the value of 17 - 11 - (-7 + 4 + 7 + -7)?
9
Evaluate -3 + -1 + (-50 - -41) + (-57 - -62).
-8
What is -150 + 234 + -105 + 0 + -4?
-25
7 - (-20 - -88 - (34 - (27 - 12)))
-42
What is the value of 76 - (34 + -33 + 4 + -50)?
121
What is the value of (2 - (-89 + 131)) + -11 + 9 + 1 + -1?
-42
Calculate -21 + (-14 - -14) + 22 - (23 + 1).
-23
What is the value of -87 - -59 - (-5 + 1 + -1 + 0 + 4)?
-27
What is the value of 2 - 4 - 7 - (-12 - (-9 + 30 + 17))?
41
What is 275 - 279 - (-2 + (-27 - -33 - (49 - 0)))?
41
Calculate 15 + (29 - (14 + 42)).
-12
Calculate 2747 + -2801 - (-1 - 42).
-11
What is the value of (-24 - (91 + -115)) + 42?
42
(3 + 2 + 5 - -26) + (-12 - (-14 - -1))
37
Calculate -17 - (-31 + (-1 + 3 - -18)).
-6
Evaluate -14 + -8 + 8 + (10 - 8) - 1.
-13
Evaluate 82 - 0 - (362 - (-94 - -407)).
33
-27 + 6 + 25 + -37 + 22
-11
Evaluate (14 - (-37 - -4)) + -41 + 21 + 25.
52
Evaluate (30 - 58) + 36 - (63 + -1 + 3) - -9.
-48
Evaluate 1 + 108 + (-37 - 235) + 264.
101
What is the value of 7 + (1 - (23 - 8 - 4))?
-3
What is the value of -16 - (-55 - 12) - (6 - 20) - -9?
74
Evaluate (0 + -11 + 1 - (-2464 - -2521)) + (8 - -1).
-58
Calculate -32 + 3 + -17 + 29 + -3.
-20
61 + -45 + (-55 - -42)
3
Evaluate 7 + -1 - (-185 + 185).
6
What is the value of (69 - 0) + -7782 + 7720?
7
-51 + (-76 - 44) + 116
-55
What is the value of 10 - (17 - (-22 - -33))?
4
Calculate 15 - (-11 + 17 - ((-9 - -53) + 6)).
59
15 - 18 - -40 - (36 + -28)
29
What is the value of (71 - (47 - -8)) + 40?
56
What is 58 + -75 + 50 - (-61 - -4)?
90
-29 - (1 - 48) - (-1 + -22)
41
What is the value of -128 - -113 - ((13 - -51) + -4)?
-75
What is the value of 12 + (1 - (4 + 65 - 22))?
-34
Calculate -31 - (42 + -58) - -39.
24
Evaluate 7 + -11 - (31 + -1 - (-85 + 72)).
-47
Calculate 2 - 4 - -23 - (-29 - (48 - 72)).
26
113 + 99 + -128 + -22
62
-2 - -65 - (2159 - 2083) - (-36 + (-2 - -4))
21
Evaluate 0 - 12 - (-182 + (-73 - -207)).
36
Evaluate -39 - (-41 + -24) - -5.
31
Calculate 5 + (8 - 7) + -4 + -3.
-1
Calculate 66 - (-16 + (-8 - -79)).
11
Calculate -60 - (-8 + -24 - -11).
-39
Calculate (3 - 24 - (240 + -197)) + -5.
-69
Evaluate 58 - (8 + -12 + 10) - (-20 + 9).
63
Evaluate -98 + 22 - (24 + -3 + -6).
-91
What is the value of 31 - -3 - (-56 + 134)?
-44
What is the value of 11 - (-6 + 17 + -4 + -6 + 5)?
5
5 + -8 - (71 + -43 + 6)
-37
Calculate -62 + 85 - (7 + (3 - (8 + 8))).
29
What is the value of 147 + -105 + (-2 - 13)?
27
What is (8 - -2) + -16 - (3 + -21)?
12
Calculate 27 - (-19 + 60 + -18).
4
Evaluate -93 - -89 - (28 + 1).
-33
What is 21 + 0 + 0 - (-10 + (23 - (-17 - -22)))?
13
Evaluate 31 + -7 + 17 + -60.
-19
Calculate -29 + (-7 - (11 - 22) - 38).
-63
What is the value of 19 + (-87 - -45) + 55?
32
What is the value of (3 - 38) + 8 - (339 + -322)?
-44
What is the value of 38 + -58 + -14 + (1 - 6)?
-39
What is the value of (-23 - -14 - (5 + -4 + -4)) + (-5 - 0)?
-11
Calculate 130 - (55 - 50) - 122.
3
What is the value of 3 + (-17 - 2) - (-1 + -12) - (-11 + 1)?
7
What is the value of ((-21 - 85) + 128 - (31 - 0)) + -1 + -6?
-16
Evaluate -109 + (22 - 0 - 7) - (-22 + 2).
-74
Evaluate (29 - 67) + -45 + 33 - (-1 - 8).
-41
What is 7 - (-40 + -17 + 14 + 13 + -14)?
51
5 + -47 + (-30 - -43)
-29
Evaluate 10 + 2 + (1 - -1) + (1038 - 1040).
12
What is ((-7 - -8) + 43 - (2 - 0)) + (-106 - -96)?
32
Calculate -9 - (-33 + 53 + -75).
46
-2 + (-1 + -12 - (-5 + -13))
3
What is the value of 44 - (11 + 87) - -25?
-29
Calculate -1 + 52 - (-8 - (-14 + 14 + -7) - 1).
53
Evaluate 128 + (-80 - (59 + -62)).
51
What is the value of 316 + -320 + (3 - -27) - -19?
45
What is the value of -34 + 21 + 45 + -69?
-37
What is 9 - ((3 - (-17 + 4 - -48)) + 13) - -8?
36
-31 + -3 + -10 + (-14 - 5) + 16
-47
Calculate (-56 - -51 - (-2 - -46)) + (-98 - -97).
-50
Calculate 8 + 2 - -19 - (-2 + 13).
18
Calculate (50 + -154 - -35) + (-9 + -2 - 0) + -13.
-93
What is the value of -66 - (-52 + -55 + 21)?
20
Evaluate 79 - (9 - -6 - 18 - -29).
53
What is the value of -44 - 0 - (2888 + -3014)?
82
-43 + 46 + -2 + (15 - 3)
13
What is -20 + (33 - 48 - (-16 + 14 + 7))?
-40
Evaluate -9 - (27 + (-3 + -11 - -16) + 14).
-52
What is 2 + ((29 - 14) + -29 - (9 - 10) - 16)?
-27
107 + 6 - (-9 - -36)
86
What is -19 + 69 + (-47 - -10) + 22?
35
What is 15 + (-28 - -8) + -2 + -42 + -13?
-62
-51 - (-7 + -18) - (-6 + -12)
-8
What is 2 + -11 - (65 - 70) - (5 + -38)?
29
Evaluate (-1 - -6) + 1 + -3 + (-141 + 122 - -54).
38
Calculate (15 - (-13 + 25)) + (41 - (9 + -10)).
45
What is -16 + (-29 - 0) + 27?
-18
Calculate -9 - 38 - (-4 + 11 + -10 + -4 + 6).
-46
What is -5 + (23 + 9 + -20 - (78 + 1))?
-72
What is the value of (1 - -1) + -24 + -3 - -35?
10
What is the value of 15 + (-2 - (14 + 7 + -16) - -12)?
20
Calculate -6 + (17 - (24 + -58)).
45
What is 5 + 3 + -5 + -2 - (68 - 83)?
16
Calculate 18 + -30 + -25 + 3.
-34
What is the value of -25 + (-28 - (11 + -36)) + -18?
-46
What is (15 - (38 + 29)) + 49?
-3
What is -46 - (159 - 153 - (1 + 9) - -23)?
-65
Calculate (2 - -16 - (18 + -8)) + 7.
15
Evaluate (124 - (0 - -3)) + (-989 - -967).
99
Calculate -66 - -24 - -34 - (1 + -3) - 8.
-14
What is the value of -10 + (5 - -10) - (-9 + 16 + -7)?
5
What is the value of 17 - (-1 - (-9 + (1 - -1))) - (-4 - -148)?
-133
Evaluate 57 + (-33 + -17 + 65 - (0 - -3)).
69
66 - -3 - (-6 + (-9 - -17 - 16))
83
What is the value of 2 + 28 + -76 + 93?
47
What is the value of (4 - -13) + (-1455 - -1380)?
-58
Evaluate (25 - 13) + -47 - (-14 - 9).
-12
Calculate (12 - 4) + (-57 - 0) + -6 + -4.
-59
What is 34 + (-11 + -96 - -31)?
-42
What is 29 + (-134 - -224) + -67?
52
Evaluate 31 + -11 + (1 - -28).
49
2 - -58 - (-12565 - -12756)
-131
What is the value of (94 - 53) + -61 - (-11 - 2)?
-7
Evaluate -76 + (12 - -5) + 59.
0
Evaluate (65 - 66 - -4) + 5 + -4 + -25.
-21
Calculate 24 + (-74 - -33) + (4 - 65).
-78
Evaluate 24 - (2 - 11) - (6 + -14 + -1).
42
What is (77 - (-2 + 4)) + (-100 - -65) + (19 - -4)?
63
-7 + -7 - (-65 + 67 + -29)
13
Evaluate -2 - -2 - (-223 + 162).
61
Calculate -3 - (21 - (-18 + (9 - -21))).
-12
What is -55 - (50 + -74 + 20)?
-51
(0 - -6) + -87 + (18 + -5 - -23)
-45
47 - (31 + (-67 - -22))
61
What is -26 + 0 - (-54 + 11)?
17
(54 - -7) + -66 - (8 + 2 + -2)
-13
What is 135 - (-44 - 49 - -292)?
-64
(31 - -40) + -43 - (-74 + 2)
100
What is the value of -1 - -25 - ((163 - 70) + -60)?
-9
Calculate -135 - (74 - (88 + 47)).
-74
59 - 16 - (-22 - -13)
52
What is 18 + (-15 - 10) + 89 + -114?
-32
What is (3 - -4) + (-13 - (-3 + -7 - 17) - 157)?
-136
What is 36 - 35 - (3 + -69 - (7 - (12 - 6)))?
68
-18 - -4 - (23 - 28 - 21)
12
Calculate 17 + -6 + 7 - (-38 + 70) - 17.
-31
Calculate -28 - (-76 - -32 - 0).
16
What is -33 + 44 - 20 - -56?
47
Evaluate (7 - 9) + (34 - 32) + -31.
-31
What is the value of -8 - -6 - 1 - (0 + 95) - (3911 + -3900)?
-109
Evaluate (75 - (36 - -48)) + (54 - 1).
44
Evaluate (-1 - 41) + (25 - -39) + -52.
-30
What is the value of -42 - (143 + -56 + -70)?
-59
Calculate 10 + (3 + (17 + 9 - 2) - 7).
30
What is the value of (2 - 3) + (-3 - (35 - 16))?
-23
Evaluate (22 - 30) + (14 - (32 + -34)) + -146 + -1.
-139
59 + (0 - (2 - 